 + -18?
-119823
In base 3, what is 20 + -11022000200?
-11022000110
In base 3, what is 102002112 + 20?
102002202
In base 8, what is 350401 + -1?
350400
In base 10, what is 2630 - -5?
2635
In base 4, what is -10 - 10232111?
-10232121
In base 4, what is -1 - -300002103?
300002102
In base 13, what is -6a461 + 0?
-6a461
In base 3, what is -1012202121112 - -2?
-1012202121110
In base 6, what is -1410 + 1123?
-243
In base 16, what is -3c - fbf?
-ffb
In base 8, what is -26 - 352112?
-352140
In base 2, what is -10010110 - -101010001?
10111011
In base 2, what is -10 + -101101010001001101?
-101101010001001111
In base 12, what is 501 - -99?
59a
In base 8, what is -51356 + -12?
-51370
In base 15, what is 2848 - -c?
2855
In base 4, what is -22223212 + -112?
-22223330
In base 15, what is 1553 + -2e?
1524
In base 11, what is -22098 + -5?
-220a2
In base 8, what is -4374 - -24?
-4350
In base 15, what is 1846c2 - -4?
1846c6
In base 8, what is 131163 - -4?
131167
In base 7, what is -104 - 103631?
-104035
In base 2, what is -101 + 1010100011111010011?
1010100011111001110
In base 13, what is 0 - 29c4?
-29c4
In base 2, what is -11 - -10110111011000100?
10110111011000001
In base 10, what is 36712 + -4?
36708
In base 7, what is -6540 - -145?
-6362
In base 6, what is 2524 + 1233?
4201
In base 6, what is -2 - 10125155?
-10125201
In base 7, what is -1423430 + 3?
-1423424
In base 9, what is -23854 - 1?
-23855
In base 7, what is 3 + 333601?
333604
In base 12, what is 14b97 + 1?
14b98
In base 2, what is 100100 + 1101111010011?
1101111110111
In base 2, what is -10 + 111011110010000?
111011110001110
In base 14, what is 6add - 29?
6ab4
In base 9, what is -2050647 + 1?
-2050646
In base 2, what is 110001 - -10111110?
11101111
In base 7, what is -26 - 254656?
-255015
In base 13, what is -624b - -13?
-6238
In base 15, what is 2ea1 - -5?
2ea6
In base 11, what is 3839 - -20?
3859
In base 15, what is 14 - -1ab?
1c0
In base 10, what is -42 + -2663?
-2705
In base 2, what is 0 + 1110011100110100?
1110011100110100
In base 10, what is -220 - 3860?
-4080
In base 12, what is 3543 - 23?
3520
In base 6, what is -10330 + -33?
-10403
In base 13, what is 4104 + -11?
40c3
In base 11, what is 6285 + -9?
6277
In base 14, what is -106583 - 1?
-106584
In base 3, what is -210000000 - 1?
-210000001
In base 8, what is -3515 - 11?
-3526
In base 14, what is 482a + -4?
4826
In base 13, what is -1 - a6c83?
-a6c84
In base 5, what is 2333 - 10234?
-2401
In base 15, what is 122 - -10a7?
11c9
In base 4, what is 2230 + 21223?
30113
In base 2, what is -10100 - -11100000011110010?
11100000011011110
In base 4, what is 12013220 - -10?
12013230
In base 12, what is -3 + 662ab?
662a8
In base 4, what is -1030 + -321310?
-323000
In base 11, what is 5a - -199?
248
In base 9, what is -5 - -6874?
6868
In base 2, what is 0 + 1101100001001001?
1101100001001001
In base 3, what is 11 - 1200110100?
-1200110012
In base 4, what is 0 + -122300323?
-122300323
In base 5, what is 4114410 + 2?
4114412
In base 15, what is 15e4c - -4?
15e51
In base 15, what is -6 - 39?
-40
In base 4, what is -110 - -300110?
300000
In base 9, what is 54 - 2340?
-2275
In base 7, what is 2643135 + 3?
2643141
In base 13, what is 50 + 16456?
164a6
In base 7, what is 15524 + 13?
15540
In base 15, what is -72 - de9?
-e6b
In base 2, what is 111000100 - 1001101011?
-10100111
In base 11, what is 17 - -1456?
1472
In base 14, what is -4 + -9d0b?
-9d11
In base 4, what is -12223033320 + 0?
-12223033320
In base 2, what is 101100010010110 - 1101101?
101100000101001
In base 6, what is 540 + 0?
540
In base 12, what is -8 - -6a?
62
In base 7, what is -31 - -10062?
10031
In base 14, what is a79c + 5?
a7a3
In base 14, what is 10 - -21b0?
21c0
In base 14, what is -2 + -14275?
-14277
In base 12, what is -653 - -11?
-642
In base 10, what is 37184 + 1?
37185
In base 11, what is 4 + 51266?
5126a
In base 10, what is -19 - -1243?
1224
In base 10, what is 4 - 357391?
-357387
In base 15, what is 2dd + 0?
2dd
In base 2, what is 101110111010000 + 1110100?
101111001000100
In base 2, what is -11000 - -100011011011110001?
100011011011011001
In base 5, what is -3 + 1212332?
1212324
In base 8, what is -10 - 400?
-410
In base 16, what is -149 + -ac?
-1f5
In base 8, what is 1077 + -560?
317
In base 15, what is 1 + 2117?
2118
In base 3, what is 2210021020 + -11?
2210021002
In base 6, what is 4111 - 141?
3530
In base 14, what is -15a + 950?
7d4
In base 14, what is -8 + 3963?
3959
In base 9, what is 364857 - -3?
364861
In base 11, what is -7238 + 3?
-7235
In base 3, what is -10 + 1002220102101?
1002220102021
In base 15, what is 4d64 - 5?
4d5e
In base 14, what is -5 - 15b67?
-15b6c
In base 13, what is -6b12 - -16?
-6ac9
In base 2, what is 1010010010001010 + 10100?
1010010010011110
In base 2, what is -100101111101010101000 + -100?
-100101111101010101100
In base 14, what is 89 + 8293?
833c
In base 14, what is 46 + 65c?
6a4
In base 4, what is 11 - 100133323?
-100133312
In base 16, what is -441e - -c?
-4412
In base 12, what is -923 - -35?
-8aa
In base 12, what is -3 + 6243?
6240
In base 9, what is 70703 + 0?
70703
In base 8, what is 416 - -70?
506
In base 16, what is 343 + dba?
10fd
In base 6, what is -4 - 1442500?
-1442504
In base 10, what is -469 + 11?
-458
In base 12, what is 2 - -a515?
a517
In base 5, what is 0 + 3121?
3121
In base 11, what is -301 - -30?
-281
In base 12, what is 25438 - 72?
25386
In base 2, what is -1011001100 + -110010000?
-10001011100
In base 6, what is 551 - 335?
212
In base 12, what is -98603 - 0?
-98603
In base 2, what is -1101000001101001100001 - 10?
-1101000001101001100011
In base 4, what is 131 - -110023?
110220
In base 11, what is 3720 + 4?
3724
In base 9, what is 67 - 2320?
-2242
In base 6, what is 10 + -215355?
-215345
In base 4, what is -2 + 201100?
201032
In base 4, what is 103300 + 301013?
1010313
In base 3, what is -1 + 102001001?
102001000
In base 6, what is 13530143 - 2?
13530141
In base 12, what is -947 - 549?
-1294
In base 4, what is -303 + 1213110?
1212201
In base 15, what is 1 + -6d4a2?
-6d4a1
In base 10, what is -1623 + -23?
-1646
In base 15, what is 29e + 2e5?
594
In base 15, what is -3 - 1311?
-1314
In base 14, what is -3776 + -4?
-377a
In base 5, what is -104434330 + 10?
-104434320
In base 2, what is -1101110110 + 101100?
-1101001010
In base 16, what is -6 + a8?
a2
In base 16, what is 2aa2 + 18?
2aba
In base 9, what is -3 - -131200?
131186
In base 10, what is 7 + 1473?
1480
In base 10, what is 5141 + 1?
5142
In base 5, what is -4213 - 420?
-10133
In base 16, what is -edc19 + -1?
-edc1a
In base 15, what is -397ea + 0?
-397ea
In base 16, what is 568e + 2?
5690
In base 10, what is 282 - -3452?
3734
In base 7, what is 134233 + 2?
134235
In base 6, what is -403415 - -524?
-402451
In base 8, what is -25540 - 0?
-25540
In base 16, what is -35b11e + -1?
-35b11f
In base 9, what is -5 - -575524?
575518
In base 7, what is 366426 + 6?
366435
In base 11, what is 3 + 2996?
2999
In base 7, what is -51550 - 0?
-51550
In base 2, what is 10 + 100011111001001?
100011111001011
In base 4, what is 1313232 - 11?
1313221
In base 15, what is 1 + -5517?
-5516
In base 14, what is -6165 + -70?
-61d5
In base 5, what is 4234441 + 4?
4240000
In base 3, what is -2121 - 1011021?
-1020212
In base 13, what is 35 + -4624?
-45bc
In base 2, what is 1001 - -111000010011?
111000011100
In base 13, what is -29cab - -20?
-29c8b
In base 9, what is -15504 - 13?
-15517
In base 8, what is 12175 - 3?
12172
In base 8, what is -13 - -12124?
12111
In base 9, what is -6272 - 2?
-6274
In base 3, what is -2221100022002 + 12?
-2221100021220
In base 5, what is -1312 - 44102?
-100414
In base 9, what is 771 - 23?
747
In base 12, what is 7020 - 8?
7014
In base 7, what is 320 + 3103?
3423
In base 14, what is 1 - -531c?
531d
In base 7, what is -2 - -561136?
561134
In base 7, what is -165 + 21121?
20623
In base 15, what is 87ae - 7a?
8734
In base 8, what is 26755 - 2?
26753
In base 16, what is 0 - -db2e?
db2e
In base 7, what is 1 - 2520223?
-2520222
In base 5, what is 12 - -40030022?
40030034
In base 14, what is -1c7a4 + 8?
-1c79a
In base 2, what is -101 - 101000011101001?
-101000011101110
In base 7, what is -153021444 - 5?
-153021452
In base 10, what is 20 - 1041?
-1021
In base 15, what is -22a60 - -3?
-22a5c
